 Let o(a) = -6*c(a) + y(a). What is the tens digit of o(16)?
5
Let o = 27 - 17. Let m(j) = j**2 - 11*j + 14. What is the units digit of m(o)?
4
Suppose -92*g = -96*g + 1276. What is the units digit of g?
9
Let c(z) = -z**3 + 7*z**2 + 2. Let i be c(7). Suppose -5*h + i*d - 13 = 0, 3*h - 6*h - 5*d - 14 = 0. What is the units digit of 4 + ((-6)/h)/(-2)?
3
Let i = -6 + 11. Suppose n = 0, -i*a + n + 4*n + 40 = 0. Suppose j - a = 5*j, o - 7 = -3*j. What is the units digit of o?
3
Let n be 0/(-3) - -2 - -42. Let l = n - 27. What is the units digit of l?
7
Suppose 3*d - d = z - 177, -5*d + 734 = 4*z. What is the tens digit of z?
8
Let f be (-1 - -3)*(-6)/(-4). Suppose f*a - 7 = 5*c + 20, 2*c + 3*a = 6. What is the units digit of 9/(-6)*4/c?
2
Suppose -2*r - 27 + 91 = 0. What is the units digit of r?
2
Let n(q) = q**3 - q**2 - q + 295. What is the tens digit of n(0)?
9
Let c be -72*((-6)/4 + 1). Suppose -3*u = u - c. What is the units digit of u?
9
Suppose -r = -4*n + n - 23, 0 = -2*r - 4*n - 4. What is the units digit of r?
8
Suppose 5*l = 5, 2*i - l - 21 - 86 = 0. What is the units digit of i?
4
Suppose -3*y + 4*f + 273 = -0*y, -4*y + 5*f + 364 = 0. What is the units digit of y?
1
Suppose 0 = -v + 27 - 1. What is the tens digit of v?
2
Suppose -11*u = -9*u - 54. What is the tens digit of u?
2
Let v(a) = 4*a - 3. Let b be v(2). Suppose -b*w = -w - 40. What is the units digit of (-39)/(-15) - (-4)/w?
3
What is the units digit of 1/10*66*30?
8
Let m = 11 + -15. Let o be 2*(-3)/(6/m). Suppose 29 + 3 = o*z. What is the units digit of z?
8
Let v = -105 + 148. What is the units digit of v?
3
Suppose -l = -3*c - 96, -2*c = 3*l - 0*l - 310. What is the units digit of l?
2
Let u = -47 - -34. Let w = u + 24. Suppose q - w = -0. What is the tens digit of q?
1
Suppose -2*t + 83 = r - 54, -685 = -5*r + 5*t. What is the units digit of r?
7
Let t(z) = z**3 + 3*z**2 - 11*z + 4. Let a(m) = m. Let p(i) = -6*a(i) - t(i). Let y be (-13)/3 + (-4)/6. What is the tens digit of p(y)?
2
Suppose 4*x - 1 = 191. What is the tens digit of x?
4
Suppose 0 = 4*t + 3*q + 11, 5*q = -2*t - 0 - 9. What is the units digit of (-2 - t) + -1 - -7?
6
Let m = 19 + -20. What is the tens digit of 2 + m + (-343)/(-7)?
5
Let x(o) = -o**3 - 7*o**2 + 7*o - 10. What is the tens digit of x(-9)?
8
Suppose 5*q - 159 + 14 = 0. What is the units digit of q?
9
Let l(b) = 3*b - 2*b**3 - 2 - 1 - 2*b**2 - b**2 - 2*b**2. What is the units digit of l(-4)?
3
Suppose 0 + 2 = t. Suppose 4 = -4*a + 4*l, -3*a - t*l = -0 - 22. What is the units digit of a?
4
Suppose 2*t + 12*t = 3598. What is the hundreds digit of t?
2
Let v(a) = -24*a - 7. What is the tens digit of v(-1)?
1
Suppose -3*v - 268 = -4*b, 5*b + 2*v + 65 - 423 = 0. What is the units digit of b?
0
Suppose 4*g + 0*g + 4*f = 48, 0 = 5*g + 2*f - 72. What is the tens digit of g?
1
Let y(g) be the first derivative of g**3/3 + 4*g**2 + 5*g + 3. What is the tens digit of y(-9)?
1
Suppose 2*q - 6 = 52. Suppose -m + 36 = o, -o + 6*m - m = -60. Let v = o - q. What is the tens digit of v?
1
Suppose 74*v + 325 = 79*v. What is the tens digit of v?
6
Let m(q) = 5*q - 6. Let a be m(5). Suppose 2*v = -3*n - a + 70, 0 = -3*v. What is the tens digit of n?
1
Let i(p) = 8*p**2 + 7*p + 7. What is the tens digit of i(6)?
3
What is the units digit of ((-126)/(-24))/((-9)/(-408))?
8
Let t = 173 - -12. Suppose 17*k + t = 22*k. What is the tens digit of k?
3
Let g(v) = -v**3 + 4*v**2 + 5*v - 3. Let q be g(6). Let j = q - -68. Let y = -16 + j. What is the units digit of y?
7
Let u be (-2 + 12)*(-6)/(-4). Let a = 76 - 35. Suppose 4*j - u = a. What is the tens digit of j?
1
What is the units digit of (-6)/(-8) - 486/(-24)?
1
Let n be 200/(-6) - (-2)/(-3). Let t = -21 - n. What is the tens digit of t?
1
Let m(i) = i + 15. Let r be m(0). Let n = -24 + r. Let d = n - -14. What is the units digit of d?
5
Let n be (-4 - 22)/((-1)/1). Let j = -20 + n. What is the units digit of j?
6
Let x(h) = -3*h**3 + 9*h**2 + 7*h + 1. Let n(d) = d**3 - 3*d**2 - 2*d. Let w(u) = -7*n(u) - 2*x(u). Let l be w(3). What is the units digit of (l + 3)*(-1 - -3)?
2
Let c = -86 - -126. What is the units digit of c?
0
Suppose 2*m - 26 - 62 = 0. What is the units digit of m?
4
Let f(c) = 71*c**2 - 2*c - 1. Let h be f(-1). Suppose 4*w = h + 68. What is the units digit of w?
5
What is the units digit of (-146)/(-10) + 8/20?
5
Let u(s) = -s**3 + 4*s**2 - 4*s + 2. Let c be u(2). Suppose -2*z = 3*n + 4, z - n = 4 - 1. Suppose 0 = -c*k + 5 - z. What is the units digit of k?
2
Suppose 0 = -m + 5*i - 3*i - 2, 2*m + i = 1. Let r = 18 - 11. Suppose 5*q + r - 47 = m. What is the units digit of q?
8
Suppose -3*v + 208 = 1. What is the tens digit of v?
6
Let c(i) be the third derivative of 3*i**4/8 - i**3/6 + i**2. Let w be c(1). Let p = w - 4. What is the units digit of p?
4
Suppose 0 = 4*a - 8*a + 20. Suppose w + a*m - 3 = 3, m = 3*w - 2. What is the units digit of w?
1
Let k = 12 - 10. What is the units digit of 9*1/(k - 1)?
9
Suppose 0 = 5*n + 25, 2*w = -6*n + 4*n + 98. What is the tens digit of w?
5
Suppose 0 = p + f - 43, 3*f - 4*f = 3. What is the units digit of p?
6
Let y = 18 + -34. Let t = -8 - y. What is the units digit of t?
8
Let m(i) = 5*i**3 + i**2 - 1. Let g be m(1). Let s = g - 2. Suppose 7 = -s*a + 31. What is the units digit of a?
8
Let z(v) = 2*v - 3. Let l be z(4). Suppose m - y = l, -3*m + 2*m = -3*y - 5. Suppose -m*a = 2*s + 5, 0 = 4*s - 0*s + 5*a - 5. What is the units digit of s?
5
Let l = 210 + -68. What is the hundreds digit of l?
1
Let g(c) = c**2 - c + 1. Let a = 11 - 6. What is the units digit of g(a)?
1
Suppose -161 = -32*z + 31*z. What is the tens digit of z?
6
Let f = 184 + -23. What is the units digit of f?
1
Suppose 2*b + a = 35, 3*a + 62 + 33 = 4*b. Suppose -3*l = l - b. Let c = 6 - l. What is the units digit of c?
1
Let a be 36/27*3/2. What is the units digit of 19 + 8/(-4) + a?
9
Suppose 0 = -4*p + 3*p - 4*u + 22, 21 = -2*p + 5*u. Suppose -2*q = -p*n + 78, -2*n - 3*q - q = -66. What is the tens digit of n?
3
Let c(s) be the first derivative of 2*s**3/3 - 4*s**2 - 5*s + 2. What is the tens digit of c(6)?
1
Suppose 0 = -2*t - t. What is the units digit of 0 + (0 - t) - -12?
2
What is the tens digit of (-6450)/(-60) - 2/(-4)?
0
Let j be ((-24)/(-3))/((-2)/(-3)). Let m = j + -7. What is the units digit of m?
5
Let l = -26 - -47. What is the units digit of 6/4*238/l?
7
Suppose 0 = 2*i - 6*i. Suppose -m = i, 0 = 4*u + 2*m - 3*m - 96. What is the units digit of u?
4
Suppose -4*b - 54 = 2*g, -60 - 14 = 3*g - b. Let m = g + 48. What is the units digit of m?
3
Suppose 5*w - 25 = 0, t + 2*w - 10 = -1. What is the units digit of -3 + 12 - (3 + t)?
7
Let j = 315 + -219. What is the units digit of j?
6
Let g = -35 - -15. Let z = -7 - g. What is the tens digit of z?
1
Suppose -5*y + 25 = -0. Let u be 1 + (1 - 1) - -8. Let c = u - y. What is the units digit of c?
4
Let n be 4/(-10) - (-42)/5. Suppose 3*t = n*t - 65. What is the tens digit of t?
1
Let p(a) be the first derivative of a**2/2 + 6*a - 3. What is the tens digit of p(5)?
1
Let l = 326 - 226. Suppose 2*r + 3*f = 46, -5*r + l = 3*f - 15. What is the tens digit of r?
2
Let y = 92 + -23. What is the tens digit of y?
6
What is the units digit of 83 - 1/(5/15)?
0
Let c = -4 + 6. Let j = c - -10. What is the units digit of j?
2
Let v = 13 - 8. Suppose 85 = v*q - 0*q. What is the tens digit of q?
1
Suppose 118 + 5 = 3*a. What is the tens digit of a?
4
Let x = 12 + -4. Let v(n) = -n**3 - 5*n**2 - 8*n - 2. Let o be v(-3). Suppose 4*s - o = x. What is the units digit of s?
3
Let y = -46 + 54. Let d(f) = -f**2 - 7*f - 5. Let g be d(-5). Let u = y - g. What is the units digit of u?
3
Suppose -g = 4*g + 35. Let c = 14 + g. Let x = c - 4. What is the units digit of x?
3
Let m(n) = 6*n + 2. Let s(l) = 2*l - 5. Let o be s(4). Let i be m(o). What is the units digit of (-8)/(-5)*i/8?
4
Suppose 0*d - 72 = -6*d. What is the units digit of 6/(-9) - (-536)/d?
4
Let m(u) = 15*u**2 - u + 2. What is the units digit of m(-2)?
4
Suppose h + 3 - 11 = 0. Suppose 0 = -h*z + 5*z + 39. What is the tens digit of z?
1
Suppose 5*u + 54 = w, -2*w - 3*u = 3*w - 298. What is the tens digit of w?
5
Suppose 5*z - 50 = 5. What is the tens digit of z?
1
Let t be (-2)/(-6)*15/1. Suppo